84. Suppose y + 2*y = g + 479, 5*y - 3*g = 797. Suppose -r = -z - y. What are the prime factors of r?
3, 5, 13
Suppose 4*i - h = 95, -i - i - 2*h + 40 = 0. Suppose -2*x - 3*a = 1 - i, -4*x = a - 34. What are the prime factors of (17/x*-2)/((-6)/72)?
3, 17
Suppose -21060 + 321535 = 119*x. List the prime factors of x.
5, 101
Suppose -2*m = -4*y + 10, m = -2*m + 4*y - 11. Let b be (0 - 56)/(-2) + 3/m. What are the prime factors of 5035/b + (-6)/15?
3, 67
List the prime factors of (744/14)/((-220)/(-2310)).
2, 3, 31
Let x = 139333 - 99512. What are the prime factors of x?
39821
Let q be (2 - 3)/(1 - 0). Let t(m) = -m**2 - 5*m - 2. Let k be t(q). List the prime factors of 3/k - 1395/(-18).
79
Let n(k) = 32*k - 53. Let r be n(-16). Let y = r - -1005. List the prime factors of y.
2, 5, 11
Let x(n) = -8*n - 1. Let c be x(3). Let l = c + 27. Suppose l*i + 4*a - 220 = -a, i - 110 = a. List the prime factors of i.
2, 5, 11
Let g(h) = h**3 - 10*h**2 + 8*h + 54. Let n be g(8). Let x(z) = z**3 + 14*z**2 - z. What are the prime factors of x(n)?
2, 5, 41
Let b = -5892 + 22815. What are the prime factors of b?
3, 5641
Let t = 54687 - 34263. List the prime factors of t.
2, 3, 23, 37
Suppose 0 = -13*v - 11*v + 984. List the prime factors of (-3 + (v - -6))/2.
2, 11
Let z = -6821 + 11618. Suppose z = -59*q + 68*q. What are the prime factors of q?
13, 41
Let z(m) be the first derivative of m**4/4 - 10*m**3/3 - 27*m**2 + 21*m + 1. What are the prime factors of z(16)?
3, 7, 11
Let j = 227 + -161. Let g = 124 - j. Suppose 0 = -2*k - g + 274. List the prime factors of k.
2, 3
Let m = 11 - 9. Suppose -m*l + 84 = -22. Let z = l - -187. List the prime factors of z.
2, 3, 5
Let s = -33874 + 80143. List the prime factors of s.
3, 53, 97
Let k(c) = 0*c**2 + 0*c**3 + 0*c**3 + 27 - 17*c**2 - 17*c - c**3. Let j be k(-14). Let q = j + 460. List the prime factors of q.
137
Suppose 14*z + 18811 = 4307. Let a = -1727 - z. Let l = -474 - a. What are the prime factors of l?
7, 31
Suppose 3*h + 2*q = -0*q + 90, 2*h = -q + 59. Suppose 3*y = h - 13. Suppose y*d - 89 - 41 = 0. List the prime factors of d.
2, 13
Let c = 154 + -152. Suppose 3*y + 4*p - 1230 = -p, 0 = 5*y + c*p - 2031. What are the prime factors of y?
3, 5
Let l = -31805 - -74825. What are the prime factors of l?
2, 3, 5, 239
Suppose -4*p = 14*p + 1152. What are the prime factors of 4/(-32) + (-28680)/p?
2, 7
Suppose 135*r + 19800 = 153*r. What are the prime factors of r?
2, 5, 11
Let i(m) = -m**2 + m + 4. Let y be i(2). Suppose y*o = o + 2. Suppose -n + h + 84 = 0, 0*h = -5*n + o*h + 414. What are the prime factors of n?
2, 41
Let c(z) = -243*z - 1241. List the prime factors of c(-6).
7, 31
Suppose g + 3*m = 388, -556 = 5*g - 5*m - 2476. Let c be g/(-14) - 3/2. Let k = c + 59. List the prime factors of k.
2, 3, 5
Let k be 0 + -53*(-3 - -7). List the prime factors of (-52417)/k + 1/(-4).
13, 19
What are the prime factors of -3*(6 + 27/(-6))*(-81356)/6?
3, 11, 43
Let v be (0 - 5) + (8731 - -4)/5. Suppose -38*s = -40*s + v. What are the prime factors of s?
13, 67
Let n = 487 - 761. Let t = n + 384. Suppose 9*d = 7*d + t. What are the prime factors of d?
5, 11
Suppose -978677 - 540251 - 29072 = -48*v. What are the prime factors of v?
2, 3, 5, 43
Let p(d) = 2*d**3 + 20*d**2 + 24*d - 22. Let t be p(-19). Let y be (-16)/20 + 5/((-100)/t). Suppose 36 - y = -3*b. What are the prime factors of b?
2, 13
Let n(u) = -18*u + 42. Let p(c) = -1. Let q(g) = -n(g) - 30*p(g). Let l(d) = 17*d - 11. Let m(r) = 6*l(r) - 5*q(r). List the prime factors of m(2).
2, 3
Let n(w) = 31384*w**2 + 52*w - 53. What are the prime factors of n(1)?
3, 11, 317
Let j(a) = 1244*a**3 - a**2 + 13*a - 22. List the prime factors of j(2).
2, 311
Suppose 95*b - 82*b + 195*b = 4394624. List the prime factors of b.
2, 19, 139
Let y(m) be the first derivative of -95*m**2/2 - 50*m - 54. List the prime factors of y(-7).
3, 5, 41
Let y(k) = -k**2 + 17*k + 14. Let r be y(17). Suppose -12*w - 8 = -r*w. Suppose 0*u - 296 = -w*u. What are the prime factors of u?
2, 37
List the prime factors of ((-64)/6)/(12/(-522)).
2, 29
List the prime factors of (-2547114)/(-162) + 5 + 399/(-81).
3, 1747
Suppose -c - 5*o = -85328, 3*c - 2*o - 35712 - 220357 = 0. What are the prime factors of c?
3, 23, 1237
List the prime factors of ((-81)/36)/((-90029)/(-45016) + -2).
2, 3, 17, 331
Suppose -210*a = -434*a + 282*a - 4646322. List the prime factors of a.
3, 23, 43
Let t(f) be the third derivative of 3*f**4/8 - 23*f**3/6 + f**2. Suppose 18*m - 126 = 18. List the prime factors of t(m).
7
Suppose -82*b + 28587 = -403471. What are the prime factors of b?
11, 479
Let c(d) = -52*d + 10. Let v be c(-17). Let s = -557 + v. List the prime factors of s.
337
Let c(z) = z**3 + z**2 - 7*z - 1. Let j be c(-3). Let l(o) = 393*o - 4. List the prime factors of l(j).
2, 17, 23
Let s(g) = 3956*g**2 + 11*g + 51. What are the prime factors of s(4)?
63391
Suppose -23*z - 5866 = -35927. Suppose z = 23*r - 947. List the prime factors of r.
2, 7
Let c = -7543 + 11539. Suppose -5999 = -3*o + 4*f, -4*o - 2*f = -6*o + c. List the prime factors of o.
1993
Let u(b) = b**3 - b - 3. Let k be u(0). What are the prime factors of 253/22*(-24)/k?
2, 23
Let p be (-2)/((-6)/3)*2. Suppose 0*q - 80 = -q - 4*j, 4*q + p*j - 348 = 0. What are the prime factors of q?
2, 11
Let d(c) be the third derivative of c**4/12 + 33*c**3/2 - 89*c**2. List the prime factors of d(-5).
89
List the prime factors of ((-3)/(-6))/((-28)/(-460936)).
8231
Let q(y) = y - 12. Let s be q(17). Suppose -s + 8 = -d. List the prime factors of (-29)/d + ((-64)/24)/4.
3
Let u be 19/((-456)/14320) + (-1)/3. Let d = -276 - u. List the prime factors of d.
3, 107
Let t be (-3)/(((-90)/2045)/6). Suppose 2*j - t = x + 2*x, -j = 4*x - 221. What are the prime factors of j?
11, 19
Suppose 108*i - 119*i = -23210. Suppose m - 5*h = 675, i = 3*m + 4*h - 2*h. What are the prime factors of m?
2, 5, 7
Let o = -565 + 570. Suppose -t + 10 = 13, -o*y + 6731 = 3*t. List the prime factors of y.
2, 337
Suppose -154 = 2432*y - 2431*y - 812. List the prime factors of y.
2, 7, 47
Let c be 0 - (-546 - (-9 - -3)). Let f(o) = -o**2 + 2*o - 1. Let r be f(1). Suppose 3*x - 15 = r, -5*y + x + 220 + c = 0. What are the prime factors of y?
3, 17
Let y(b) = -b**2 + 12*b + 192. Let k be y(-9). Suppose 0*l = -4*t - 2*l + 3922, 0 = k*t - 3*l - 2955. What are the prime factors of t?
2, 491
Let h(z) = 4*z - 220. Let y be h(0). Let x = y + 267. What are the prime factors of x?
47
Let r be (5/2)/((-20)/(-16)). Suppose r*c - 26 = -3*f, 3*c - 46 = -f + 7. What are the prime factors of c?
19
Suppose -5*u + 45 = 4*u. Suppose 0 = -u*g + 5*z + 690, z - 3*z = -2. Suppose 0 = l - g - 10. What are the prime factors of l?
149
Let t(w) = w**3 + 8*w**2 + 2*w - 2. Let s be t(-4). Let a be ((-108)/81)/((-4)/s). Suppose 8*p + 1300 = a*p. List the prime factors of p.
2, 5, 13
Suppose k + 5936 = t - 881, 5*t = -k + 34091. List the prime factors of t.
2, 7, 487
Suppose -w = -3*w + 6. Suppose 3*z - m = -222, -w*z - 5*m - 333 = -129. Let u = -32 - z. List the prime factors of u.
41
Let p = 211870 - 129255. List the prime factors of p.
5, 13, 31, 41
Let d = -5 - -5. Suppose -2*y - 2 + 46 = d. Suppose -s + 41 = y. List the prime factors of s.
19
Let u = -21708 + 23851. List the prime factors of u.
2143
Let m be (3/(-2))/(132450/(-14720) + 9). Let k = -387 - m. What are the prime factors of k?
349
Suppose 56591 = v + z, 56555 = 256*v - 255*v - 3*z. What are the prime factors of v?
2, 19, 1489
Suppose -14*k + 17*k + 2*g = -771, -5*k + 5*g = 1285. Let v = 1172 + k. List the prime factors of v.
3, 5, 61
Suppose -11214 = -5*t + 12*t. Let c = -744 - t. Suppose -4*f + 10*f - c = 0. List the prime factors of f.
11, 13
Let a(b) = b**3 + 13*b**2 + 8*b - 48. Let y be a(-12). Suppose y*h - w - 1289 = -3*h, 2*w - 862 = -2*h. List the prime factors of h.
2, 5, 43
Let z = 2280 + -1321. Let p = -794 + z. List the prime factors of p.
3, 5, 11
Let c = 11248 - -8576. What are the prime factors of c?
2, 3, 7, 59
Let t(u) = -10330*u**3 - 2*u**2 + 10*u + 2. What are the prime factors of t(-1)?
2, 3, 5, 43
List the prime factors of (-16 - (-33963 + -22)) + (-8)/1.
33961
Let q(p) be the second derivative of -p**3 + 35*p**2/2 - 7*p. Let a be q(6)